115.
23
Calculate the greatest common factor of 6042 and 860187.
57
What is the highest common divisor of 91699024 and 2072?
296
What is the highest common factor of 14323078 and 595?
119
What is the greatest common factor of 132 and 7052001?
33
Calculate the greatest common factor of 2 and 1601726.
2
What is the highest common factor of 17400 and 6708512?
232
Calculate the highest common factor of 419580 and 5340.
60
Calculate the greatest common divisor of 3465 and 1161237.
231
What is the greatest common factor of 99560670 and 66?
66
What is the highest common factor of 6212313 and 36?
9
Calculate the highest common factor of 2847147 and 35052.
69
What is the greatest common factor of 297 and 72279999?
297
What is the highest common factor of 190336 and 160?
32
Calculate the greatest common factor of 1165496 and 216.
8
What is the greatest common factor of 2944332 and 849?
849
Calculate the highest common divisor of 71200 and 772600.
200
Calculate the highest common factor of 23905073 and 92.
23
What is the greatest common divisor of 27255 and 235845?
15
What is the greatest common factor of 61472 and 127840?
544
What is the greatest common divisor of 2928096 and 2144?
32
Calculate the greatest common factor of 232 and 59407544.
232
Calculate the highest common divisor of 1107 and 428910102.
369
Calculate the highest common factor of 1105 and 1416185.
85
What is the greatest common factor of 201135 and 589413?
1749
What is the greatest common divisor of 906384 and 9269?
23
What is the highest common divisor of 929513 and 8528?
13
Calculate the greatest common divisor of 657727 and 8183.
49
Calculate the highest common divisor of 27745 and 64615.
5
What is the highest common factor of 87283 and 249043?
337
What is the highest common divisor of 6768 and 484?
4
What is the greatest common factor of 29140631 and 767?
767
What is the highest common divisor of 1173694 and 198560?
146
What is the highest common factor of 22191908 and 1116?
124
Calculate the highest common factor of 166212 and 174198924.
8748
Calculate the greatest common divisor of 143991 and 13473.
27
Calculate the greatest common divisor of 809797082 and 122.
122
What is the greatest common divisor of 988 and 77303746?
26
Calculate the highest common divisor of 4261610 and 10.
10
What is the greatest common factor of 67 and 173753?
1
What is the greatest common divisor of 18 and 83250378?
18
What is the highest common divisor of 3775 and 25485?
5
What is the greatest common factor of 9 and 587052?
9
What is the highest common factor of 2280 and 168627?
3
What is the highest common factor of 34300887 and 74?
37
What is the greatest common factor of 93983982 and 23048?
5762
Calculate the highest common factor of 2342 and 3342.
2
Calculate the highest common factor of 684 and 391752.
36
Calculate the highest common divisor of 2076584 and 200.
8
Calculate the highest common factor of 76320 and 2281332.
636
What is the highest common divisor of 52 and 822232762?
26
What is the greatest common divisor of 24552 and 683100?
396
What is the highest common divisor of 347704305 and 780?
195
What is the greatest common factor of 5966 and 143027?
157
Calculate the highest common factor of 1596 and 946884.
228
What is the greatest common divisor of 102141 and 474136?
1261
What is the greatest common divisor of 671 and 651893?
11
What is the greatest common divisor of 3953456 and 208?
208
What is the greatest common factor of 12412 and 116202?
214
Calculate the greatest common divisor of 567276037 and 137.
137
What is the greatest common factor of 4243490 and 6862?
146
Calculate the greatest common factor of 63 and 4691057.
7
Calculate the greatest common divisor of 1071952 and 6139.
7
Calculate the greatest common factor of 3781618 and 2.
2
Calculate the greatest common factor of 1566 and 199358064.
1566
What is the greatest common divisor of 8689440 and 15480?
5160
What is the highest common divisor of 534 and 18028641?
267
What is the greatest common factor of 1298 and 11349122?
118
Calculate the highest common divisor of 1457 and 2512291.
47
Calculate the greatest common divisor of 133410345 and 111.
111
What is the greatest common divisor of 465 and 37260760?
155
Calculate the greatest common factor of 70 and 9347330.
10
What is the highest common factor of 32 and 6439262?
2
What is the greatest common divisor of 97912983 and 1557?
519
Calculate the highest common factor of 1495 and 1769949935.
1495
What is the highest common factor of 61674148 and 3508?
3508
Calculate the greatest common divisor of 98664081 and 15.
3
Calculate the greatest common divisor of 981 and 1008577.
109
Calculate the highest common divisor of 289313532 and 2736.
684
What is the greatest common factor of 168993691 and 13558?
6779
Calculate the greatest common divisor of 179040 and 90855.
15
Calculate the greatest common factor of 47403435 and 11540.
2885
What is the greatest common divisor of 51 and 17371047?
3
Calculate the highest common divisor of 24549 and 98864.
167
Calculate the highest common factor of 54236923 and 13.
13
What is the greatest common divisor of 270 and 855480?
30
What is the highest common factor of 1389424 and 272?
16
What is the greatest common factor of 137506 and 648093?
349
What is the greatest common factor of 21637509 and 348?
87
What is the highest common divisor of 20436750 and 125?
125
Calculate the highest common factor of 138 and 40156986.
6
What is the greatest common factor of 315030366 and 17?
17
Calculate the highest common divisor of 3679368 and 2112.
264
What is the highest common divisor of 8469990 and 14760?
90
What is the highest common factor of 65 and 36756590?
65
What is the highest common factor of 4356 and 56202696?
396
Calculate the greatest common factor of 65 and 3317210.
65
What is the highest common divisor of 237260803 and 377?
377
Calculate the greatest common factor of 2488245 and 2115.
15
Calculate the highest common divisor of 200491392 and 72.
24
Calculate the highest common divisor of 19924985 and 292.
73
Calculate the greatest common factor of 1720480502 and 346.
346
What is the greatest common divisor of 2647 and 107838780?
2647
Calculate the greatest common divisor of 109752480 and 11520.
1440
Calculate the greatest common divisor of 611413 and 5115.
341
Calculate the greatest common divisor of 1261 and 6844721.
13
What is the highest common divisor of 63972053 and 28192?
881
Calculate the greatest common factor of 15048999 and 245.
7
Calculate the greatest common divisor of 422933231 and 11116.
2779
Calculate the greatest common factor of 579040 and 662512.
752
What is the highest common divisor of 17605 and 3312295?
35
What is the highest common divisor of 10 and 1105875?
5
What is the highest common factor of 156 and 5117016?
12
Calculate the greatest common factor of 238134981 and 35.
7
What is the highest common factor of 20 and 4146824?
4
What is the highest common divisor of 7648 and 45956354?
478
Calculate the greatest common divisor of 39 and 7088068.
13
What is the greatest common divisor of 2268 and 60688440?
324
Calculate the greatest common factor of 43185 and 1292671.
2879
What is the greatest common factor of 231954789 and 174?
87
What is the greatest common divisor of 332258 and 469154?
1426
What is the highest common divisor of 983431934 and 145?
29
Calculate the greatest common factor of 1068808 and 1505.
43
Calculate the highest common divisor of 43310 and 6325090.
610
What is the greatest common divisor of 9911 and 3197887?
187
What is the highest common divisor of 600 and 8486900?
100
Calculate the greatest common divisor of 2516860762 and 39.
13
What is the highest common factor of 2028 and 18855240?
12
What is the greatest common factor of 8466360 and 72?
24
What is the highest common divisor of 275 and 329770?
5
What is the highest common factor of 29939 and 412727?
49
What is the greatest common divisor of 219 and 62074236?
219
Calculate the greatest common divisor of 8988 and 4800876.
1284
What is the greatest common factor of 4613094 and 36?
18
Calculate the highest common factor of 10813 and 3077773.
983
What is the highest common divisor of 50764475 and 100?
25
Calculate the greatest common divisor of 2330288 and 64.
